{"id":7,"date":"2021-10-16T19:01:11","date_gmt":"2021-10-16T17:01:11","guid":{"rendered":"https:\/\/parkietekspert.wordpress.com\/blog\/"},"modified":"2025-05-23T16:11:12","modified_gmt":"2025-05-23T14:11:12","slug":"blog","status":"publish","type":"page","link":"https:\/\/parkietekspert.pl\/index.php\/blog\/","title":{"rendered":"Zwi\u0105zek Rzeczoznawc\u00f3w z zakresu parkieciarstwa i posadzek drewnianych PARKIET EKSPERT"},"content":{"rendered":"\n<div class=\"wp-block-cover aligncenter has-custom-content-position is-position-top-left is-light is-style-default\" style=\"padding-top:5px;padding-right:5px;padding-bottom:5px;padding-left:5px;min-height:171px;aspect-ratio:unset;\"><img decoding=\"async\" class=\"wp-block-cover__image-background wp-image-40\" alt=\"\" src=\"http:\/\/parkietekspert.pl\/wp-content\/uploads\/2021\/10\/cropped-okladka_ret_3-1.jpg\" style=\"object-position:68% 0%\" data-object-fit=\"cover\" data-object-position=\"68% 0%\"\/><span aria-hidden=\"true\" class=\"wp-block-cover__background has-primary-background-color has-background-dim-0 has-background-dim\"><\/span><div class=\"wp-block-cover__inner-container is-layout-flow wp-block-cover-is-layout-flow\">\n<p class=\"has-text-align-center has-large-font-size\"><\/p>\n<\/div><\/div>\n\n\n\n<p><\/p>\n\n\n\n<p>Zwi\u0105zek Rzeczoznawc\u00f3w z zakresu parkieciarstwa i posadzek drewnianych PARKIET EKSPERT jest organizacj\u0105 zrzeszaj\u0105c\u0105 rzeczoznawc\u00f3w i bieg\u0142ych s\u0105dowych z zakresu parkieciarstwa, posadzek drewnianych i technologii drewna.&nbsp;<br>Cz\u0142onkowie naszego Zwi\u0105zku wykonuj\u0105 opinie techniczne i ekspertyzy w zakresie parkieciarstwa, posadzek drewnianych i technologii drewna, opiniuj\u0105 <br>i wsp\u00f3\u0142tworz\u0105 normy i wytyczne techniczne dotycz\u0105ce wykonywania i odbioru posadzek drewnianych oraz produkcji parkiet\u00f3w.&nbsp;<br> <br>Rzeczoznawcy stowarzyszeni w Zwi\u0105zku PARKIET EKSPERT zobowi\u0105zani s\u0105 do ci\u0105g\u0142ego poszerzania wiedzy z zakresu przepis\u00f3w prawa, technologii parkieciarskiej, produkcji parkiet\u00f3w, technologii drewna, budownictwa oraz innych dziedzin z tym zwi\u0105zanych. <br>W tym celu odbywaj\u0105 si\u0119 szkolenia, seminaria, zebrania dyskusyjne, odczyty i prelekcje, a tak\u017ce spotkania z autorytetami z dziedziny technologii drewna, budownictwa, izolacji, chemii parkieciarskiej i budowlanej.<br> Ponadto cz\u0142onkowie Zwi\u0105zku zajmuj\u0105 si\u0119 popularyzacj\u0105 wiedzy o parkieciarstwie i posadzkach drewnianych, wsp\u00f3\u0142pracuj\u0105 z instytucjami naukowymi, technicznymi stowarzyszeniami bran\u017cowymi, S\u0105dami Polubownymi oraz pras\u0105 bran\u017cow\u0105, a tak\u017ce prowadz\u0105 dzia\u0142alno\u015b\u0107 edukacyjn\u0105.<br><br> Inicjatywa utworzenia stowarzyszenia, kt\u00f3re skupia wszystkich rzeczoznawc\u00f3w i bieg\u0142ych s\u0105dowych z dziedziny parkieciarstwa pozwala na standaryzacj\u0119 czynno\u015bci i bada\u0144 przeprowadzanych podczas wykonywania ekspertyz oraz umo\u017cliwia opracowanie odpowiedniej dokumentacji.<br><br> Rzeczoznawcy i biegli s\u0105dowi s\u0105 osobami zaufania publicznego dlatego te\u017c naszym celem jest ci\u0105g\u0142e d\u0105\u017cenie do kszta\u0142towania i upowszechniania zasad etyki, a w szczeg\u00f3lno\u015bci norm rzetelnego post\u0119powania podczas opiniowania oraz podejmowanie dzia\u0142a\u0144 s\u0142u\u017c\u0105cych ochronie uczciwej konkurencji oraz dobrych standard\u00f3w dzia\u0142ania na rynku parkieciarskim.<\/p>\n\n\n\n<div style=\"height:64px\" aria-hidden=\"true\" class=\"wp-block-spacer desktop-only\"><\/div>\n\n\n\n<hr class=\"wp-block-separator has-css-opacity is-style-wide\"\/>\n\n\n\n<p class=\"has-text-align-center\"><strong>Je\u017celi potrzebujesz pomocy i porady \u2013 napisz do nas:<br><a href=\"mailto:parkietekspert@parkietekspert.pl\">parkietekspert@parkietekspert.pl<\/a><\/strong><br><\/p>\n\n\n\n<p><\/p>\n","protected":false},"excerpt":{"rendered":"<p>Zwi\u0105zek Rzeczoznawc\u00f3w z zakresu parkieciarstwa i posadzek drewnianych PARKIET EKSPERT jest organizacj\u0105 zrzeszaj\u0105c\u0105 rzeczoznawc\u00f3w i bieg\u0142ych s\u0105dowych z zakresu parkieciarstwa, posadzek drewnianych i technologii drewna.&nbsp;Cz\u0142onkowie naszego Zwi\u0105zku wykonuj\u0105 opinie techniczne i ekspertyzy w zakresie parkieciarstwa, posadzek drewnianych i technologii drewna, opiniuj\u0105 i wsp\u00f3\u0142tworz\u0105 normy i wytyczne techniczne dotycz\u0105ce wykonywania i odbioru posadzek drewnianych oraz produkcji&hellip;&nbsp;<a href=\"https:\/\/parkietekspert.pl\/index.php\/blog\/\" class=\"\" rel=\"bookmark\">Czytaj dalej &raquo;<span class=\"screen-reader-text\">Zwi\u0105zek Rzeczoznawc\u00f3w z zakresu parkieciarstwa i posadzek drewnianych PARKIET EKSPERT<\/span><\/a><\/p>\n","protected":false},"author":1,"featured_media":0,"parent":0,"menu_order":0,"comment_status":"closed","ping_status":"closed","template":"","meta":{"neve_meta_sidebar":"","neve_meta_container":"","neve_meta_enable_content_width":"","neve_meta_content_width":0,"neve_meta_title_alignment":"","neve_meta_author_avatar":"","neve_post_elements_order":"","neve_meta_disable_header":"","neve_meta_disable_footer":"","neve_meta_disable_title":"","_themeisle_gutenberg_block_has_review":false,"footnotes":""},"class_list":["post-7","page","type-page","status-publish","hentry"],"_links":{"self":[{"href":"https:\/\/parkietekspert.pl\/index.php\/wp-json\/wp\/v2\/pages\/7","targetHints":{"allow":["GET"]}}],"collection":[{"href":"https:\/\/parkietekspert.pl\/index.php\/wp-json\/wp\/v2\/pages"}],"about":[{"href":"https:\/\/parkietekspert.pl\/index.php\/wp-json\/wp\/v2\/types\/page"}],"author":[{"embeddable":true,"href":"https:\/\/parkietekspert.pl\/index.php\/wp-json\/wp\/v2\/users\/1"}],"replies":[{"embeddable":true,"href":"https:\/\/parkietekspert.pl\/index.php\/wp-json\/wp\/v2\/comments?post=7"}],"version-history":[{"count":5,"href":"https:\/\/parkietekspert.pl\/index.php\/wp-json\/wp\/v2\/pages\/7\/revisions"}],"predecessor-version":[{"id":613,"href":"https:\/\/parkietekspert.pl\/index.php\/wp-json\/wp\/v2\/pages\/7\/revisions\/613"}],"wp:attachment":[{"href":"https:\/\/parkietekspert.pl\/index.php\/wp-json\/wp\/v2\/media?parent=7"}],"curies":[{"name":"wp","href":"https:\/\/api.w.org\/{rel}","templated":true}]}}