{"id":22,"date":"2021-10-16T19:57:30","date_gmt":"2021-10-16T17:57:30","guid":{"rendered":"https:\/\/parkietekspert.wordpress.com\/?page_id=22"},"modified":"2025-05-23T16:12:12","modified_gmt":"2025-05-23T14:12:12","slug":"parkiet-ekspert-2","status":"publish","type":"page","link":"https:\/\/parkietekspert.pl\/index.php\/parkiet-ekspert-2\/","title":{"rendered":"Zwi\u0105zek Rzeczoznawc\u00f3w z zakresu parkieciarstwa i posadzek drewnianych PARKIET EKSPERT"},"content":{"rendered":"\n<div class=\"wp-block-group alignfull has-background-light-background-color has-background\"><div class=\"wp-block-group__inner-container is-layout-flow wp-block-group-is-layout-flow\">\n<div class=\"wp-block-columns alignwide is-layout-flex wp-container-core-columns-is-layout-9d6595d7 wp-block-columns-is-layout-flex\">\n<div class=\"wp-block-column is-layout-flow wp-block-column-is-layout-flow\"><div class=\"wp-block-image\">\n<figure class=\"aligncenter size-large is-resized\"><img loading=\"lazy\" decoding=\"async\" width=\"2369\" height=\"1776\" src=\"http:\/\/parkietekspert.pl\/wp-content\/uploads\/2021\/10\/dsc04782-edited.jpg\" alt=\"\" class=\"wp-image-174\" style=\"width:328px\" srcset=\"https:\/\/parkietekspert.pl\/wp-content\/uploads\/2021\/10\/dsc04782-edited.jpg 2369w, https:\/\/parkietekspert.pl\/wp-content\/uploads\/2021\/10\/dsc04782-edited-300x225.jpg 300w, https:\/\/parkietekspert.pl\/wp-content\/uploads\/2021\/10\/dsc04782-edited-1024x768.jpg 1024w, https:\/\/parkietekspert.pl\/wp-content\/uploads\/2021\/10\/dsc04782-edited-768x576.jpg 768w, https:\/\/parkietekspert.pl\/wp-content\/uploads\/2021\/10\/dsc04782-edited-1536x1152.jpg 1536w, https:\/\/parkietekspert.pl\/wp-content\/uploads\/2021\/10\/dsc04782-edited-2048x1535.jpg 2048w\" sizes=\"auto, (max-width: 2369px) 100vw, 2369px\" \/><\/figure>\n<\/div>\n\n\n<p><\/p>\n\n\n\n<h3 class=\"wp-block-heading alignwide has-text-align-center\" id=\"opinie-techniczne\">        Opinie techniczne<\/h3>\n\n\n\n<p>Zwi\u0105zek Rzeczoznawc\u00f3w z zakresu parkieciarstwa i posadzek drewnianych PARKIET EKSPERT skupia osoby posiadaj\u0105ce wiedz\u0119 i do\u015bwiadczenie zdobywane przez lata praktyki.<\/p>\n<\/div>\n\n\n\n<div class=\"wp-block-column is-layout-flow wp-block-column-is-layout-flow\"><div class=\"wp-block-image\">\n<figure class=\"aligncenter size-large is-resized\"><img loading=\"lazy\" decoding=\"async\" width=\"2451\" height=\"1835\" src=\"http:\/\/parkietekspert.pl\/wp-content\/uploads\/2021\/10\/ssl22882-edited.jpg\" alt=\"\" class=\"wp-image-152\" style=\"width:328px\" srcset=\"https:\/\/parkietekspert.pl\/wp-content\/uploads\/2021\/10\/ssl22882-edited.jpg 2451w, https:\/\/parkietekspert.pl\/wp-content\/uploads\/2021\/10\/ssl22882-edited-300x225.jpg 300w, https:\/\/parkietekspert.pl\/wp-content\/uploads\/2021\/10\/ssl22882-edited-1024x767.jpg 1024w, https:\/\/parkietekspert.pl\/wp-content\/uploads\/2021\/10\/ssl22882-edited-768x575.jpg 768w, https:\/\/parkietekspert.pl\/wp-content\/uploads\/2021\/10\/ssl22882-edited-1536x1150.jpg 1536w, https:\/\/parkietekspert.pl\/wp-content\/uploads\/2021\/10\/ssl22882-edited-2048x1533.jpg 2048w\" sizes=\"auto, (max-width: 2451px) 100vw, 2451px\" \/><\/figure>\n<\/div>\n\n\n<p><\/p>\n\n\n\n<h3 class=\"wp-block-heading has-text-align-center\" id=\"wyceny-napraw\">          Wyceny napraw <br><\/h3>\n\n\n\n<p>Cz\u0142onkowie stowarzyszenia zajmuj\u0105 si\u0119 popularyzacj\u0105 wiedzy o parkieciarstwie <br>i posadzkach drewnianych, a tak\u017ce prowadz\u0105 dzia\u0142alno\u015b\u0107 edukacyjn\u0105.<\/p>\n<\/div>\n\n\n\n<div class=\"wp-block-column is-layout-flow wp-block-column-is-layout-flow\">\n<figure class=\"wp-block-image size-large is-resized is-style-default\"><img loading=\"lazy\" decoding=\"async\" width=\"2523\" height=\"1893\" src=\"http:\/\/parkietekspert.pl\/wp-content\/uploads\/2021\/10\/20150529_124624_lls-2-edited.jpg\" alt=\"\" class=\"wp-image-171\" style=\"width:328px;height:244px\" srcset=\"https:\/\/parkietekspert.pl\/wp-content\/uploads\/2021\/10\/20150529_124624_lls-2-edited.jpg 2523w, https:\/\/parkietekspert.pl\/wp-content\/uploads\/2021\/10\/20150529_124624_lls-2-edited-300x225.jpg 300w, https:\/\/parkietekspert.pl\/wp-content\/uploads\/2021\/10\/20150529_124624_lls-2-edited-1024x768.jpg 1024w, https:\/\/parkietekspert.pl\/wp-content\/uploads\/2021\/10\/20150529_124624_lls-2-edited-768x576.jpg 768w, https:\/\/parkietekspert.pl\/wp-content\/uploads\/2021\/10\/20150529_124624_lls-2-edited-1536x1152.jpg 1536w, https:\/\/parkietekspert.pl\/wp-content\/uploads\/2021\/10\/20150529_124624_lls-2-edited-2048x1537.jpg 2048w\" sizes=\"auto, (max-width: 2523px) 100vw, 2523px\" \/><\/figure>\n\n\n\n<p><\/p>\n\n\n\n<h3 class=\"wp-block-heading has-text-align-center\" id=\"szkolenia\">                 Szkolenia<br><\/h3>\n\n\n\n<p>Wsp\u00f3\u0142pracujemy z instytucjami naukowymi, technicznymi stowarzyszeniami bran\u017cowymi, S\u0105dami Polubownymi oraz pras\u0105 bran\u017cow\u0105.<\/p>\n<\/div>\n<\/div>\n\n\n\n<div class=\"wp-block-group\"><div class=\"wp-block-group__inner-container is-layout-flow wp-block-group-is-layout-flow\">\n<div class=\"wp-block-group\"><div class=\"wp-block-group__inner-container is-layout-flow wp-block-group-is-layout-flow\"><\/div><\/div>\n\n\n\n<p class=\"has-text-align-center has-medium-font-size\"><strong>Oferowane przez naszych rzeczoznawc\u00f3w us\u0142ugi obejmuj\u0105:<\/strong><\/p>\n\n\n\n<p class=\"has-text-align-center\">&#8211; oceny i opinie techniczne dotycz\u0105ce posadzek drewnianych<br>&#8211; opinie z zakresu parkieciarstwa i posadzkarstwa<br>&#8211; wyceny napraw<br>&#8211; doradztwo techniczne<br>&#8211; mediacje<br>&#8211; odbiory rob\u00f3t parkieciarskich <br>&#8211; szkolenia<\/p>\n<\/div><\/div>\n\n\n\n<p class=\"has-text-align-center has-medium-font-size\"><strong>Je\u017celi potrzebujesz pomocy i porady &#8211; napisz do nas:<br><a href=\"mailto:parkietekspert@parkietekspert.pl\">parkietekspert@parkietekspert.pl<\/a><\/strong><br><\/p>\n\n\n\n<p><\/p>\n<\/div><\/div>\n\n\n\n<div class=\"wp-block-group alignfull\"><div class=\"wp-block-group__inner-container is-layout-flow wp-block-group-is-layout-flow\">\n<div class=\"wp-block-group alignfull\"><div class=\"wp-block-group__inner-container is-layout-flow wp-block-group-is-layout-flow\"><\/div><\/div>\n\n\n<\/div><\/div>\n\n\n\n<div class=\"wp-block-group alignfull\"><div class=\"wp-block-group__inner-container is-layout-flow wp-block-group-is-layout-flow\">\n<div class=\"wp-block-columns alignwide is-layout-flex wp-container-core-columns-is-layout-9d6595d7 wp-block-columns-is-layout-flex\">\n<div class=\"wp-block-column is-layout-flow wp-block-column-is-layout-flow\" style=\"flex-basis:67%\"><\/div>\n\n\n\n<div class=\"wp-block-column is-vertically-aligned-center is-layout-flow wp-block-column-is-layout-flow\" style=\"flex-basis:33%\"><\/div>\n<\/div>\n\n\n\n<div style=\"height:80px\" aria-hidden=\"true\" class=\"wp-block-spacer desktop-only\"><\/div>\n<\/div><\/div>\n\n\n\n<div class=\"wp-block-group alignfull has-foreground-background-color has-background\"><div class=\"wp-block-group__inner-container is-layout-flow wp-block-group-is-layout-flow\">\n<div style=\"height:64px\" aria-hidden=\"true\" class=\"wp-block-spacer\"><\/div>\n\n\n\n<div class=\"wp-block-columns alignwide is-layout-flex wp-container-core-columns-is-layout-9d6595d7 wp-block-columns-is-layout-flex\">\n<div class=\"wp-block-column is-layout-flow wp-block-column-is-layout-flow\">\n<h6 class=\"wp-block-heading\" id=\"potrzebujesz-pomocy-napisz\"><\/h6>\n<\/div>\n\n\n\n<div class=\"wp-block-column is-layout-flow wp-block-column-is-layout-flow\"><\/div>\n<\/div>\n\n\n\n<div style=\"height:64px\" aria-hidden=\"true\" class=\"wp-block-spacer desktop-only\"><\/div>\n<\/div><\/div>\n","protected":false},"excerpt":{"rendered":"<p>Opinie techniczne Zwi\u0105zek Rzeczoznawc\u00f3w z zakresu parkieciarstwa i posadzek drewnianych PARKIET EKSPERT skupia osoby posiadaj\u0105ce wiedz\u0119 i do\u015bwiadczenie zdobywane przez lata praktyki. Wyceny napraw Cz\u0142onkowie stowarzyszenia zajmuj\u0105 si\u0119 popularyzacj\u0105 wiedzy o parkieciarstwie i posadzkach drewnianych, a tak\u017ce prowadz\u0105 dzia\u0142alno\u015b\u0107 edukacyjn\u0105. Szkolenia Wsp\u00f3\u0142pracujemy z instytucjami naukowymi, technicznymi stowarzyszeniami bran\u017cowymi, S\u0105dami Polubownymi oraz pras\u0105 bran\u017cow\u0105. Oferowane przez&hellip;&nbsp;<a href=\"https:\/\/parkietekspert.pl\/index.php\/parkiet-ekspert-2\/\" class=\"\" rel=\"bookmark\">Czytaj dalej &raquo;<span class=\"screen-reader-text\">Zwi\u0105zek Rzeczoznawc\u00f3w z zakresu parkieciarstwa i posadzek drewnianych PARKIET EKSPERT<\/span><\/a><\/p>\n","protected":false},"author":1,"featured_media":24,"parent":0,"menu_order":0,"comment_status":"closed","ping_status":"closed","template":"","meta":{"neve_meta_sidebar":"","neve_meta_container":"","neve_meta_enable_content_width":"","neve_meta_content_width":0,"neve_meta_title_alignment":"","neve_meta_author_avatar":"","neve_post_elements_order":"","neve_meta_disable_header":"","neve_meta_disable_footer":"","neve_meta_disable_title":"","_themeisle_gutenberg_block_has_review":false,"footnotes":""},"class_list":["post-22","page","type-page","status-publish","has-post-thumbnail","hentry"],"_links":{"self":[{"href":"https:\/\/parkietekspert.pl\/index.php\/wp-json\/wp\/v2\/pages\/22","targetHints":{"allow":["GET"]}}],"collection":[{"href":"https:\/\/parkietekspert.pl\/index.php\/wp-json\/wp\/v2\/pages"}],"about":[{"href":"https:\/\/parkietekspert.pl\/index.php\/wp-json\/wp\/v2\/types\/page"}],"author":[{"embeddable":true,"href":"https:\/\/parkietekspert.pl\/index.php\/wp-json\/wp\/v2\/users\/1"}],"replies":[{"embeddable":true,"href":"https:\/\/parkietekspert.pl\/index.php\/wp-json\/wp\/v2\/comments?post=22"}],"version-history":[{"count":15,"href":"https:\/\/parkietekspert.pl\/index.php\/wp-json\/wp\/v2\/pages\/22\/revisions"}],"predecessor-version":[{"id":614,"href":"https:\/\/parkietekspert.pl\/index.php\/wp-json\/wp\/v2\/pages\/22\/revisions\/614"}],"wp:featuredmedia":[{"embeddable":true,"href":"https:\/\/parkietekspert.pl\/index.php\/wp-json\/wp\/v2\/media\/24"}],"wp:attachment":[{"href":"https:\/\/parkietekspert.pl\/index.php\/wp-json\/wp\/v2\/media?parent=22"}],"curies":[{"name":"wp","href":"https:\/\/api.w.org\/{rel}","templated":true}]}}